ivided by 35?
13
Suppose 0 = -109*f + 115*f. Suppose f = 13*a - 477 - 381. What is the remainder when a is divided by 25?
16
Let a(t) = t**3 + 13*t**2 - 8*t + 26. Let x be a(-14). Let m = 69 + x. What is the remainder when 54 is divided by m?
10
Let b = 17733 - 16500. Calculate the remainder when b is divided by 41.
3
Suppose 0 = 18*p + 54 - 3816. Suppose -3*g + 81 = 2*j, 0 = -j - 4*j - g + p. What is the remainder when 207 is divided by j?
39
Let b(m) = -2*m**3 - m**2 - 2*m + 30. Let q = -114 + 114. What is the remainder when b(q) is divided by 11?
8
What is the remainder when 10/(-15) + (151 - (0 + (-4)/(-12))) is divided by 59?
32
Let w(r) = -8*r**2 - 57*r - 5. Let f be w(-7). Let j(b) = b**2 + 9. Calculate the remainder when 77 is divided by j(f).
12
Let i(k) = k**3 - 13*k**2 - 181*k + 65. Calculate the remainder when i(25) is divided by 13.
11
Let s(t) be the first derivative of -t**4/4 - t**3/3 - t**2/2 + 54*t + 35. Calculate the remainder when s(0) is divided by 2/8 + (-129)/(-12).
10
Let w = 136 + -130. Suppose 0 = -w*f - 1 + 25. Calculate the remainder when 17 is divided by f.
1
Suppose 97 = 2*q + 7. Let j be 36/q*195/2. Let i = 95 - j. What is the remainder when 57 is divided by i?
6
Suppose -165*y + 1550 = -310 + 540. Suppose -91 = -4*x + 65. Calculate the remainder when x is divided by y.
7
Let i = -360 - -360. Suppose 4*d + 5*o = 31, -d + 4*o - 8 = -i. What is the remainder when 147 is divided by d?
3
Suppose 60*x + 4*x - 100096 = 0. What is the remainder when x is divided by 98?
94
Suppose -241*u = -107*u - 118*u - 1024. Calculate the remainder when 10366 is divided by u.
62
Let q(t) = -11*t**3 - 54*t**2 - 114*t - 1. What is the remainder when 1116 is divided by q(-2)?
27
Suppose i + 3*r = -953 + 991, 2*i - 121 = 3*r. What is the remainder when 1217 is divided by i?
51
Let i(o) = 4350*o - 17361. Suppose 0 = -p + 5 - 0, 5*v + p = 770. Let q = v + -38. Calculate the remainder when q is divided by i(4).
37
Suppose -436 = -4*i + 80. Let x(s) = -s**3 + 9*s**2 - 5*s - 17. Let f be x(8). What is the remainder when i is divided by 26/(-6)*(-5 - -6 - f)?
25
Suppose 3*w - 1 = 4*w, 3*g - 1220 = 5*w. Let k = g + -392. Calculate the remainder when 268 is divided by k.
8
Let s(w) = 4*w**2 + 10*w + 35. Suppose -9 - 9 = -2*x - n, -5*x = 3*n - 44. Calculate the remainder when s(-3) is divided by x.
1
Let i = 194 - 194. Suppose -5*a = 2 - 147. Calculate the remainder when a is divided by (-6 + 24)/3 - i.
5
Let z = 12378 - 9818. Calculate the remainder when z is divided by 10.
0
Suppose 3*i = 2*z + 4595, -70*i - 3*z + 1517 = -69*i. What is the remainder when i is divided by 174?
137
Let v(k) be the second derivative of -k**5/20 - 29*k**4/12 + 14*k**3/3 - 43*k**2/2 - 10*k - 1. Calculate the remainder when 67 is divided by v(-30).
16
Let u = 6 - 4. Suppose -u*b + 7*b = 60. Calculate the remainder when (5/16*-14)/(16/(-128)) is divided by b.
11
Suppose -4*m - 4*g + 352 = 0, -m + 72 = -3*g - 28. Calculate the remainder when 19 is divided by 5*(39/m + (-12)/(-21)).
4
Let x(c) = -4*c**3 - c**2 + c + 8. Calculate the remainder when 164 is divided by x(-2).
28
Suppose 2*c - 23 = 2*v - 5*v, v - 17 = -2*c. Let b be 145*(-4 + (-144)/(-30)). Let t = 128 - b. What is the remainder when t is divided by c?
5
Let x be 5/((-45)/24)*(-132)/(-8). Let w = -39 - x. Suppose 3*u + 5*n + 2 = 40, -w*n - 4 = -4*u. Calculate the remainder when u is divided by 2.
0
Let c(v) = -v**3 - 83*v**2 - 241*v + 436. What is the remainder when c(-80) is divided by 74?
72
Let s(x) be the second derivative of 5*x**3/6 - 11*x**2 + 29*x + 1. Calculate the remainder when s(15) is divided by 45.
8
Suppose 2*h + 3*b = 0, 3*h - 3*b + 8 - 38 = 0. Calculate the remainder when 5832/1782 + (-312)/(-66) is divided by h.
2
Calculate the remainder when 577 is divided by (-11)/((-936)/(-272) + -4 - 2/(-4)).
16
Let o = -1133 - -657. Let s = o - -816. Calculate the remainder when s is divided by 23.
18
Let c(k) = 188*k + 3775. What is the remainder when 6628 is divided by c(-20)?
13
Let y(w) be the second derivative of 14*w**3/3 + 7*w**2/2 + 16*w - 1. Calculate the remainder when y(1) is divided by (24/8)/(6/38).
16
Suppose -10*s + 220 = 3*y, -4*y - 13*s = -9*s - 228. Let r = 120 + 81. What is the remainder when r is divided by y?
1
Suppose l + 4*y = -556, 4 - 19 = 5*y. Let s = 361 + l. Let r = 265 + s. What is the remainder when r is divided by 14?
12
Let p(x) = -192*x + 77. Let q be p(3). Let h = -486 - q. Calculate the remainder when 19 is divided by h.
6
Let x be ((-6)/9)/(62/(-279)*(-5 + 2)). Let k(z) = 3 + 1 - 2 - 17*z. What is the remainder when 113 is divided by k(x)?
18
Let b(v) = -76*v**2 + 17 + 35*v**2 - 2*v + v**3 + 33*v**2. Let p be b(8). What is the remainder when 2 + (166 - -4) + p is divided by 25?
23
Let n = -1093 + 1105. Calculate the remainder when 272 is divided by n.
8
Suppose 0 = 179*w - 183*w - 5*r + 1475, -2*r = -4*w + 1426. What is the remainder when 720 is divided by w?
0
What is the remainder when 6/7 - (-2422602)/1666 is divided by 8?
7
Let a(v) = 16*v**3 - 3*v - 7. Let g be a(-3). Calculate the remainder when 57 is divided by 2/(-4 + g/(-105)).
15
Suppose -1142 - 58 = -24*v. What is the remainder when v is divided by 41/7 + 10/70?
2
Let v(a) = -a + 3. Let t = 299 + -301. Calculate the remainder when (21 - 19)*(-15)/t is divided by v(-3).
3
Let w(n) = -42*n + 4966. Suppose 0 = -2*y + 4*z + 36, -4*y + y + 47 = z. What is the remainder when y is divided by w(118)?
6
Suppose -69*r + 21612 = -35423 + 5216. Calculate the remainder when r is divided by 51.
37
Suppose 5*y - y = 16. Suppose -2*c - 7 = -6*k + 3*k, -y*c + 36 = 4*k. Suppose 6 = -p + 4*p. What is the remainder when c is divided by p?
0
Suppose 5*u = 3*l - 0*u - 3025, -3*l = -3*u - 3027. Suppose 2718 = -2*p + l. What is the remainder when 41 is divided by p/(-70) + (-1)/5?
5
Let h = -2134 + 2137. Let p(y) = -y**2 + 12*y - 13. What is the remainder when p(9) is divided by h?
2
Let z(y) = -21*y**2 - 157*y - 16. What is the remainder when 271 is divided by z(-7)?
1
Suppose -11*d + 6198 = -10*d - 5*m, 4*m + 18528 = 3*d. What is the remainder when d is divided by 19?
12
Let d = -8 + 3. Let m(c) = c + 9. Let f be m(d). Let w(y) = -y**3 + 4*y**2 + 8. What is the remainder when 23 is divided by w(f)?
7
Suppose 0 = 7*l - 4*l - 138. Suppose -h - 3*h + l = -k, -4*h - k + 42 = 0. Suppose h - 7 = 4*r. Calculate the remainder when 2 is divided by r.
0
Let j = 17060 + -17038. Suppose -5*g - o = -585, -2*g + 143 = -g - 5*o. Calculate the remainder when g is divided by j.
8
Let a = -437 - -574. What is the remainder when a is divided by 47*(4 - (-1 - -4))?
43
Suppose 0 = -3*s - 30 + 78. Let i be (-67)/13 + 5 - (-3580)/(-52). Calculate the remainder when 22/(-12)*i + (-1)/2 is divided by s.
14
Let m = -64599 - -64639. Calculate the remainder when m is divided by (-4)/(-14) + 61/7.
4
What is the remainder when 1239 is divided by 5 + ((-80)/(-14))/((-76)/(-266))?
14
Let u be 241/3 - 1/3. Suppose -50 - u = -5*w. Let f = -93385 + 93390. Calculate the remainder when w is divided by f.
1
Let m(c) = 243*c - 840. What is the remainder when m(6) is divided by 105?
93
Let c(s) = 6*s**2 - s + 17. Calculate the remainder when c(-4) is divided by 26.
13
Calculate the remainder when (-1970)/(-17) + 67/((-20502)/(-36)) is divided by 32.
20
Let x = 16 + -9. Suppose 3*g + 45 = 5*r, -14 - 20 = -2*r - 2*g. Suppose -h + x = -r. Calculate the remainder when h is divided by 10.
9
Let d = -10 + 17. Calculate the remainder when (-23 - -18 - (-2 - 3)) + (66 - -1) is divided by d.
4
Suppose 700 = -10*r + 3060. Suppose 0*h + 4*h = 2*m + r, 4*m = -16. Let f = h - 54. What is the remainder when 37 is divided by f?
1
Let r(i) = 108*i**2 + 45*i - 39. What is the remainder when 925 is divided by r(1)?
13
Let m(k) = -3*k**2 - 11*k + 11. Let s be m(10). Let v = 420 + s. What is the remainder when 207 is divided by v?
18
Let h = -13582 + 18829. Calculate the remainder when h is divided by 75.
72
Suppose -6*c + 4 = -20. Suppose -5*o + 67 = 3*g, -c*g + 4*o = -7*g + 68. Let y(a) = -a**2 - 9*a - 5. Calculate the remainder when g is divided by y(-7).
6
Let f(t) = -21*t + 222. Let n be f(10). Suppose -2*r - a = -16, -2 = 4*r - 2*a - 18. Calculate the remainder when (-8)/n*r +